82. Is j prime?
False
Let d(z) = z**2 - 7*z - 8. Suppose 0 = -3*x + 5*x - 16. Let p be d(x). Suppose p = -f + 6*f - 195. Is f composite?
True
Let h = -63 - -100. Is h composite?
False
Let x be 0 + (-3 - -5) + -2. Let g = 2 + x. Suppose -l + 2*n = -g*n - 29, 0 = -n - 5. Is l a composite number?
True
Suppose 0 = -8*k + 6*k + 6. Is k composite?
False
Let f be (5 + -2)*(2 + -1). Suppose -2*l - f*l = 1115. Let s = l - -312. Is s a composite number?
False
Let u(d) = 48*d**2 + 1. Suppose 2*z + z = 15. Suppose -z + 3 = 2*b - 5*m, -3*b - 3 = 3*m. Is u(b) a composite number?
True
Let m(s) = -1 - 3 + 3 + 2*s. Let x be m(2). Suppose a = 5*o - x*a - 133, 5*o = -4*a + 117. Is o composite?
True
Let x be (-58)/(-3) - 4/(-6). Suppose -5*u + 0*u = -x. Let y(h) = 9*h**2 + 5. Is y(u) a composite number?
False
Suppose z + 3*b + 123 = 5*z, 5*b - 55 = -2*z. Let m be 1/(3/z) - -1. Let v = m - -14. Is v composite?
True
Suppose -y - 5*a + 22 = 0, 0 = y + 3*a + 5 - 31. Let k = 51 - y. Is k a composite number?
False
Suppose 2*a - 3 = 3, -5*n + 4*a = -2273. Is n a prime number?
True
Suppose 0 = 4*n + a - 13 - 27, 0 = 2*a - 8. Let f = -3 - -31. Let k = f - n. Is k composite?
False
Let s be -2 + (6/(-3) - -10). Let j = -1 - -2. Let g = s + j. Is g a composite number?
False
Let x be (-375)/(-6)*8/10. Let p = x + -13. Is p a composite number?
False
Suppose 3*o - 2*w - 575 = 0, 0 = 5*o + w - 0*w - 954. Is o composite?
False
Let u(o) = o - 6. Let a = 28 + -20. Let s be u(a). Suppose 3*b - 3*l - 117 = -s*l, 4*l = b - 50. Is b a composite number?
True
Let j(s) = -s**2 - 4*s + 4. Let w be j(-4). Let q(g) = 38*g - 1. Let x(p) = 19*p - 1. Let r(v) = w*q(v) - 7*x(v). Is r(4) a composite number?
False
Let f = 10 - 1. Suppose 5*m + 2*k = 204, 4*k = -m + f*k + 57. Let v = 85 + m. Is v a prime number?
True
Let g(x) = x**2 - 4*x + 1. Let b be g(5). Suppose 0 = s - 28 + 24. Suppose s*k + 12 = b*k. Is k composite?
True
Is (3 - 0/(-7)) + 8*23 a composite number?
True
Let r be (8/(-10))/((-8)/20). Suppose 370 = 5*t - 5*i, 5*i = -r*t + 92 + 91. Is t composite?
False
Suppose 312 + 906 = 6*k. Is k composite?
True
Suppose 5*t + 3310 = 10*t. Is t prime?
False
Let o = 69 - -136. Is o a prime number?
False
Let d(x) = 193*x + 4. Is d(13) composite?
True
Let i = 189 + -32. Is i prime?
True
Let i(j) = 163*j + 6. Is i(5) a prime number?
True
Suppose 2*b + 11 - 3 = g, 4*b + 12 = 0. Suppose -6*t + 112 = -g*t. Suppose t = s - 9. Is s a prime number?
True
Let d = 3 + -4. Let z(l) = -95*l**3 + 2*l**2 - 11*l - 2. Let c(o) = 47*o**3 - o**2 + 6*o + 1. Let h(v) = 11*c(v) + 6*z(v). Is h(d) prime?
True
Let l(c) = 7*c**2 + 6*c + 29. Is l(12) a prime number?
True
Let p = -28 - -39. Suppose 2*g + g - 15 = 3*c, 3*g + 10 = -2*c. Suppose -h = -p - g. Is h composite?
False
Let d be (7/21)/((-2)/(-30)). Suppose -d = -x + 48. Is x a prime number?
True
Suppose f + 181 - 630 = 0. Is f a composite number?
False
Let g(a) = -258*a**2 + 4*a + 7. Let z(j) = 516*j**2 - 9*j - 15. Let d(k) = -13*g(k) - 6*z(k). Is d(1) prime?
False
Let f(a) = 4 + 11*a**2 - 5*a**2 - 5*a**2. Let r be f(0). Suppose 5*s = -3*h + 556, h + 568 = s + r*s. Is s composite?
False
Let m(k) = k**2 - 7*k - 9. Let c be m(8). Is -1*(-162 - (c + -2)) composite?
True
Let g(k) = k**2 + 13*k - 12. Let x be g(-14). Suppose x*y = -4*z + 256 - 58, 5*y = 4*z + 467. Is y composite?
True
Is -11829*-1*3/9 prime?
True
Is ((5 - 2) + -4)*-581 a composite number?
True
Suppose 0 = x + 2*x - 57. Is x a composite number?
False
Let a(x) = -x**3 - 8*x**2 - 4*x - 9. Suppose 0*z + 2*y + 22 = z, -2*y = 5*z - 86. Suppose -5*t + z - 58 = 0. Is a(t) composite?
False
Let u(t) = -t**3 + 3*t**2 + 8*t - 3. Let w be u(5). Let s(v) = -13*v + 3. Let z be s(2). Let h = w - z. Is h a prime number?
False
Let q be (-6)/4*(-7 - -5). Suppose s = 2*s - q. Suppose k = s*p + 11, -2*p = -p - 1. Is k a composite number?
True
Let y = 70 + 5. Let r be ((-16)/(-3))/((-2)/(-15)). Suppose 8*d - 3*d + 5*a - y = 0, 2*a = 5*d - r. Is d a composite number?
True
Suppose -3*g + d = g - 9, 0 = -g - 2*d + 9. Suppose g*h - 2 = 1. Is h/(2 - 13/7) prime?
True
Let d be (-10)/(-3)*(-36)/(-30). Suppose t = -d*t + 10. Is ((-343)/(-14))/(1/t) prime?
False
Let n = 8 + -12. Let x be n/5*25/(-10). Suppose 7*p = x*p + 30. Is p composite?
True
Let t be (-5 + 1)*20/(-16). Suppose s + c = t*s - 18, 0 = 4*s - 5*c - 26. Suppose 2*k - 270 = o + o, -3*k - s*o = -377. Is k composite?
False
Let v(x) = -x**3 - x**2 + 5*x + 4. Let s = 3 - 7. Let k be v(s). Let t = k - 7. Is t a composite number?
True
Let m be (2/2 - 0)/(-1). Is (26272/(-16))/(-1 + m) prime?
True
Suppose -2*i + 41 + 113 = 0. Is i composite?
True
Suppose -4*a + 437 + 727 = 0. Is a a prime number?
False
Let f(g) = g**2 - 4*g + 4. Suppose 3*h - 14 = 13. Is f(h) a prime number?
False
Let h = 741 - 374. Is h composite?
False
Let m(w) = w**2 + 10*w - 4. Let h be m(-11). Suppose h = -4*p - 241. Let k = -40 - p. Is k composite?
True
Suppose 0 = -0*p + 2*p - 10. Let i(f) = -f**3 + 4*f**2 + 6*f - 5. Let v be i(p). Suppose v = -3*x + h + 36 + 5, x = -2*h + 16. Is x a composite number?
True
Suppose 0 = -29*l + 25*l + 13540. Is l a prime number?
False
Let p = 1582 + -641. Is p prime?
True
Suppose -2*a + 6 = 0, 2*g + 2*a - 3 = a. Suppose 4*u = m + 4*m - 25, -3*u - 20 = -5*m. Is 97 - g/(0 + m) a prime number?
True
Let o(t) = -t + 2. Let r be o(-5). Let f(j) = j**2 - 3*j + 3. Is f(r) a composite number?
False
Let g(v) = -2*v - 68*v**2 - 2*v + 2*v - 11. Let d(w) = 23*w**2 + w + 4. Let t(o) = -8*d(o) - 3*g(o). Is t(1) a prime number?
True
Let o = 271 - 159. Let s(d) = d**2 + 2*d + 5. Let h be s(-5). Suppose 4*t + h = o. Is t a composite number?
False
Let p = -165 + 250. Is p prime?
False
Let q = 10 - 3. Suppose -3*u + q = 25. Is (-2)/2 - 336/u a composite number?
True
Let x(r) = 56*r**3 - 3*r**2 + r - 2. Let a be x(3). Suppose -w + 473 = 5*m - 270, 2*w - a = -m. Is w a composite number?
False
Suppose 4*o = 4*m - 4, 5*o + 4 = -5*m + 29. Suppose -3*a + 98 = o*i, -4*i = -3*a + 109 - 341. Is i prime?
False
Let c be (-2)/(2 + 0/(-2)). Let n(m) = -264*m + 1. Let i be n(c). Suppose -i = -4*y - y. Is y composite?
False
Let w(y) = -801*y**2 - 5*y + 2. Let s(i) = -1202*i**2 - 8*i + 3. Let g(a) = 5*s(a) - 8*w(a). Is g(-1) composite?
False
Let d(k) = -103*k + 2. Is d(-5) a prime number?
False
Suppose -4*m = 12, -2*v = -7*v - m - 88. Is v*(0 + -9 + 2) a composite number?
True
Let k = -50 - -105. Is k prime?
False
Let s(l) be the first derivative of -l**3/3 + 9*l**2/2 + 7*l - 2. Is s(9) a composite number?
False
Let p be ((-9)/(-6))/((-6)/(-4)). Let l(i) = 352*i**3 + 2*i**2 - 2*i + 1. Is l(p) a composite number?
False
Suppose 540 = 4*a + 4*c, -4*a + 329 + 217 = c. Suppose -131 = -j + m, j + 2*m - a = -0*j. Is j a composite number?
True
Let o(s) = 12 + 4*s**2 + 8*s + s**2 - 4*s**2 + 2*s. Is o(-9) prime?
True
Let r be (45/(-6))/(6/40). Let b = r + 75. Let k = -15 + b. Is k prime?
False
Let f be 1 + 1*(-8)/2. Let a(m) = 2*m**2. Let w be a(-1). Is (f + 56)/(-1 + w) composite?
False
Suppose 0 = u - 2*u + 87. Is u prime?
False
Let p(n) = 5*n**2 - 11*n + 5. Is p(-6) a prime number?
True
Let w(h) = -h**3 - 3*h**2 + 2*h - 6. Let m = -5 + 0. Is w(m) a composite number?
True
Suppose -7*b + 4*b + 489 = 0. Is b a composite number?
False
Let b(x) = -x**3 - 8*x**2 + 13*x - 3. Is b(-11) a composite number?
True
Let p(t) = 2*t**3 - t**2 - t - 4. Let n be p(4). Suppose -4*l = -0*y + y - n, -130 = -5*l - 2*y. Is l a prime number?
False
Let l be (-2 + 4)/(2 - 1). Let j = l - 5. Let y(z) = -30*z - 4. Is y(j) a composite number?
True
Suppose -459 = -7*q - 2*q. Is q a prime number?
False
Suppose 0 = -5*g + 5, -2*w - 5*g + 347 = 88. Is w prime?
True
Suppose i = -2*l + 26, -5*l + 88 = 3*i - l. Let j be (-4)/2 + -1 + -22. Let a = i + j. Is a a prime number?
True
Suppose -5*m + 9951 = -c - 3*c, -m = -3*c - 1999. Is m a prime number?
True
Let m(d) = d**2 + 1. Let z be m(2). Suppose z*y - 187 = 208. Is y a composite number?
False
Let d = -40 + 86. Is d a prime number?
False
Suppose 2*i - i - 478 = 0. Is i prime?
False
Suppose 0*j = -4*o - 3*j + 2248, 0 = 5*o - 3*j - 2783. Is o composite?
True
Suppose -2*m - 22 = -4*m + 4*b, 4*b - 8 = -4*m. Suppose -m*p - d + 439 = 0, 3*p - 154 = p + 5*d. Is p prime?
False
Suppose -l + 113 = -s, -313